{"id":287,"date":"2016-06-05T13:37:47","date_gmt":"2016-06-05T11:37:47","guid":{"rendered":"http:\/\/adventure2.eu\/?page_id=287"},"modified":"2016-06-07T14:56:55","modified_gmt":"2016-06-07T12:56:55","slug":"video","status":"publish","type":"page","link":"https:\/\/adventure2.eu\/index.php\/video\/","title":{"rendered":"Video"},"content":{"rendered":"<p><a href=\"http:\/\/adventure2.eu\/wp-content\/uploads\/2016\/06\/NZ-P\u00f3lnoc-16-z-186.jpg\"><img loading=\"lazy\" decoding=\"async\" class=\"alignleft size-thumbnail wp-image-308\" src=\"http:\/\/adventure2.eu\/wp-content\/uploads\/2016\/06\/NZ-P\u00f3lnoc-16-z-186-150x150.jpg\" alt=\"NZ-P\u00f3lnoc-(16-z-186)\" width=\"150\" height=\"150\" srcset=\"https:\/\/adventure2.eu\/wp-content\/uploads\/2016\/06\/NZ-P\u00f3lnoc-16-z-186-150x150.jpg 150w, https:\/\/adventure2.eu\/wp-content\/uploads\/2016\/06\/NZ-P\u00f3lnoc-16-z-186-300x300.jpg 300w, https:\/\/adventure2.eu\/wp-content\/uploads\/2016\/06\/NZ-P\u00f3lnoc-16-z-186.jpg 500w\" sizes=\"auto, (max-width: 150px) 100vw, 150px\" \/><\/a>I photograph and film, I have been asked by Benefit sp z o.o. to work as consultant and expert on action video cameras (ISAW and AEE), car video cameras, as well as drones (AEE) advising on product quality and creating number of comparison videos including underwater and low light tests of GoPro, ISAW, AEE and others. I work in Adobe Premiere, After Effects and Camtasia. I also post produce travel films for clients.<\/p>\n<p>You can check out my <a href=\"https:\/\/www.youtube.com\/channel\/UCIRdLuG_hOtIie87g9EXqPw\" target=\"_blank\">Youtube channel <\/a>for new videos.<\/p>\n<p><iframe loading=\"lazy\" title=\"Arsoba Travel i Eclipses.eu zapraszaj\u0105 na wypraw\u0119 w \u015bwiat przygody\" width=\"790\" height=\"444\" src=\"https:\/\/www.youtube.com\/embed\/h4WvlpAJPoE?feature=oembed\" frameborder=\"0\" allow=\"accelerometer; autoplay; clipboard-write; encrypted-media; gyroscope; picture-in-picture\" allowfullscreen><\/iframe><\/p>\n<p>Advertisement for Arsoba Travel, Szczecin<\/p>\n<p><iframe loading=\"lazy\" title=\"Aoteraoa - New Zealand - Nowa Zelandia 2012\" width=\"790\" height=\"444\" src=\"https:\/\/www.youtube.com\/embed\/M2NnGz-qUsY?feature=oembed\" frameborder=\"0\" allow=\"accelerometer; autoplay; clipboard-write; encrypted-media; gyroscope; picture-in-picture\" allowfullscreen><\/iframe><\/p>\n<p>Aoteraoa 2012 &#8211; part III of Australia Eclipse 2012 trilogy<\/p>\n<p><iframe loading=\"lazy\" title=\"Australia Eclipse - Za\u0107mienie S\u0142o\u0144ca w Australii 2012\" width=\"790\" height=\"444\" src=\"https:\/\/www.youtube.com\/embed\/KPn8K8AbM6Q?feature=oembed\" frameborder=\"0\" allow=\"accelerometer; autoplay; clipboard-write; encrypted-media; gyroscope; picture-in-picture\" allowfullscreen><\/iframe><\/p>\n<p>Total Eclipse 2012 &#8211; part II of Australia Eclipse 2012 trilogy<\/p>\n<p><iframe loading=\"lazy\" title=\"Australia 2012\" width=\"790\" height=\"444\" src=\"https:\/\/www.youtube.com\/embed\/Kz7Q8kkWKXU?feature=oembed\" frameborder=\"0\" allow=\"accelerometer; autoplay; clipboard-write; encrypted-media; gyroscope; picture-in-picture\" allowfullscreen><\/iframe><\/p>\n<p>Australia 2012 &#8211; part I of Australia Eclipse 2012 trilogy<\/p>\n<p><iframe loading=\"lazy\" title=\"Diving Great Barrier Reef 2014\" width=\"790\" height=\"444\" src=\"https:\/\/www.youtube.com\/embed\/MaPE8Nfi99M?feature=oembed\" frameborder=\"0\" allow=\"accelerometer; autoplay; clipboard-write; encrypted-media; gyroscope; picture-in-picture\" allowfullscreen><\/iframe><\/p>\n<p>Diving Great Barrier Reef 2014<\/p>\n<p>&nbsp;<\/p>\n","protected":false},"excerpt":{"rendered":"<p>I photograph and film, I have been asked by Benefit sp z o.o. to work as consultant and expert on&hellip; <\/p>\n","protected":false},"author":1,"featured_media":0,"parent":0,"menu_order":0,"comment_status":"closed","ping_status":"closed","template":"","meta":{"footnotes":""},"class_list":["post-287","page","type-page","status-publish","hentry"],"_links":{"self":[{"href":"https:\/\/adventure2.eu\/index.php\/wp-json\/wp\/v2\/pages\/287","targetHints":{"allow":["GET"]}}],"collection":[{"href":"https:\/\/adventure2.eu\/index.php\/wp-json\/wp\/v2\/pages"}],"about":[{"href":"https:\/\/adventure2.eu\/index.php\/wp-json\/wp\/v2\/types\/page"}],"author":[{"embeddable":true,"href":"https:\/\/adventure2.eu\/index.php\/wp-json\/wp\/v2\/users\/1"}],"replies":[{"embeddable":true,"href":"https:\/\/adventure2.eu\/index.php\/wp-json\/wp\/v2\/comments?post=287"}],"version-history":[{"count":5,"href":"https:\/\/adventure2.eu\/index.php\/wp-json\/wp\/v2\/pages\/287\/revisions"}],"predecessor-version":[{"id":310,"href":"https:\/\/adventure2.eu\/index.php\/wp-json\/wp\/v2\/pages\/287\/revisions\/310"}],"wp:attachment":[{"href":"https:\/\/adventure2.eu\/index.php\/wp-json\/wp\/v2\/media?parent=287"}],"curies":[{"name":"wp","href":"https:\/\/api.w.org\/{rel}","templated":true}]}}